 = 2*p - 10, -4*z + p - 2 = 0. Suppose 25*q - 17*q - 8312 = z. Is q prime?
True
Let y(g) = -g**2 + 65. Let z = -4 - -4. Let b be y(z). Suppose 4*l = u - b, 52 = 3*u + 2*l - 213. Is u composite?
True
Let n = -26061 - -99974. Is n a composite number?
True
Let t(i) = -7*i**3 - 2*i**2 - 2*i + 4. Let v be (-7)/35*(1 + 2)*-5. Suppose 9 = -v*p + p + j, 2*p = -3*j - 13. Is t(p) a prime number?
True
Suppose 10 = 5*r, -132*p - r - 186083 = -137*p. Is p composite?
False
Suppose 15*a = 18*a - 15. Let n = a + 119. Let z = n + 333. Is z prime?
True
Let w(y) = -374*y**2 + 22*y - 301. Let q(v) = 94*v**2 - 5*v + 75. Let u(k) = 9*q(k) + 2*w(k). Is u(-8) prime?
True
Let w = -343 + 346. Let i(d) = -8*d**3 - 2*d**2 - 5*d. Let j be i(-4). Suppose 0*y + 5*y = 5*l - 460, w*y - j = -5*l. Is l a prime number?
True
Suppose 0*k - 2*k - 3*d = -11, -d + 1 = 0. Suppose k*u - 4789 = 247. Is u a prime number?
True
Let q(f) = -f + 6. Suppose 5*y + 50 = -0*y. Let i be q(y). Suppose -15*m + i*m - 191 = 0. Is m a composite number?
False
Suppose -2*c = 11 + 11. Let h = 16 + c. Let y(v) = 44*v**2 - 4*v + 17. Is y(h) a composite number?
False
Let l = 28692 + -8443. Is l a prime number?
True
Suppose 0 = -95*q + 16*q - 124*q + 1218. Let d(h) be the first derivative of 4*h**3 + 4*h**2 + h + 1. Is d(q) a prime number?
False
Let s(v) be the second derivative of 185*v**4/6 - v**3/3 - v**2 + 15*v. Let t be s(-1). Suppose -2*i = -t - 468. Is i a composite number?
False
Let p = -46 + 39. Let t = p + 11. Suppose 1802 = 2*s + 3*v, 9*v = s + t*v - 927. Is s a composite number?
False
Let l be 4 - ((-4 - 0) + 5). Suppose -i = 5*f - 27, 0 = -2*f - 3*f - l*i + 31. Suppose -1174 = -j - j + 3*r, f*j - 2935 = 4*r. Is j prime?
True
Let n be 1/(5/3) + (-33291)/135. Let h = n + 364. Suppose -3*j - 3*u + 756 = 0, -j + u = -h - 136. Is j composite?
True
Let f(r) = 51*r**2 + 7*r - 242. Let t be f(-20). Let y = 39183 - t. Is y a composite number?
True
Suppose 50*q = 56*q - 66. Let w = -1 + q. Suppose 0 = w*y - 8*y - 154. Is y a prime number?
False
Let t(i) = -i**3 + 5*i**2 + 3*i - 15. Let u be t(5). Suppose u = -65*f + 66*f - 974. Is f a composite number?
True
Suppose 99*g + 458*g - 590995381 = 0. Is g a prime number?
True
Suppose -3*j + 5 = -2*w - 4, 5*j - 25 = 0. Suppose -w*z + 5*d = -219, 0*z - 146 = -2*z - d. Let g = -14 + z. Is g a composite number?
False
Let n = 0 + 1. Let a(y) be the second derivative of 117*y**4/2 - 5*y**3/6 + 2*y**2 + 101*y. Is a(n) a prime number?
True
Suppose 5*c - 1095326 = -3*w, 24*w - 1095235 = -5*c + 34*w. Is c composite?
True
Is (-56)/(-2 - 6) + 56230 a prime number?
True
Let h = 44387 - -20858. Is h composite?
True
Suppose 3*b + 17*a - 20*a - 3006 = 0, 2*b - 4*a = 2002. Is b prime?
False
Suppose -5*t = 15*f - 17*f - 48967, -4*t - 2*f + 39170 = 0. Is t composite?
True
Suppose 2*z - h = -0*h + 8, 2*h - 11 = -5*z. Suppose z*a - 5*m + 41 = 2*a, 2*m = a + 38. Let s = 58 + a. Is s prime?
False
Let r = -34 - -30. Let q be 26432/(-98) + r/14. Let v = q + 677. Is v composite?
True
Let z = 137096 - 88477. Is z prime?
True
Suppose 5*i = 21 + 4. Suppose 94 - 1516 = w + i*u, -4*u = 3*w + 4299. Is 1/(-3) + -38*w/9 prime?
True
Let w(h) = 23*h**2 + 634*h + 46. Is w(-83) a composite number?
False
Let m be -1*((-8)/(-6) - 185/15). Suppose 12*l - m*l = 5. Is (-7)/(280/(-40368)) + (-1)/l prime?
True
Let j = 32 - 21. Let o(l) = l**2 - 11*l + 3. Let d be o(j). Suppose -104 = -d*q + 61. Is q a prime number?
False
Suppose -4*l = -4, 0 = -z - 7*l + 3*l + 8. Let v(h) = 6*h - 28. Let c be v(z). Is (476 - 2 - 1) + c a prime number?
False
Let t(z) be the third derivative of z**5/60 + 7*z**4/12 - 2*z**3 + 9*z**2. Let s be t(-15). Suppose s*c - 2338 = 4271. Is c a prime number?
True
Let b = -36433 + 65468. Suppose 0 = 5*m - 4*j - 178970 + b, m - 2*j = 29993. Is m composite?
False
Let t be ((-70)/21)/((-8)/3 - -2). Suppose 34*f - 38*f + 8656 = -4*i, -2*f = t*i - 4307. Is f a composite number?
False
Let s(h) = -22*h + 17. Let y be ((-3)/2)/((-17)/408). Let m = -42 + y. Is s(m) composite?
False
Let i = 5196 - 1714. Is i a composite number?
True
Suppose -5*n + g + 901129 = 5*g, -2*g = -5*n + 901183. Is n composite?
False
Let i(p) be the third derivative of -p**5/60 - 5*p**4/24 + 4*p**3/3 + p**2 - 9. Let y be i(-5). Suppose g = 4*j + 1641, -y = -4*j - 0. Is g prime?
False
Suppose -9*d + 13*d = 20. Let l = 1198 - d. Suppose 0 = -2*i + l + 629. Is i composite?
False
Let f = 1364589 - 953228. Is f a prime number?
True
Let v(g) = -g**2 + 8*g - 12. Let d be v(12). Let a = 295 + d. Is a a prime number?
False
Suppose -81 = -5*l + 254. Let b = 71 - l. Suppose -2*n - 3*w + 1052 = 0, 2563 = b*n - 4*w + 439. Is n composite?
True
Let f(t) = -8*t + 1. Let j = -33 + 37. Let p be -5 + j/(4 - 0). Is f(p) prime?
False
Let s(v) = 127*v**2 - 122*v - 234. Is s(-17) a composite number?
False
Let l be ((-8)/(-6))/((-42)/(-63)). Suppose 2*j + l*j = 8. Suppose 4*u + 40701 = 5*t, -j*t + 4*u + 16279 = u. Is t composite?
True
Let v(a) = 64972*a**2 + 100*a - 457. Is v(5) composite?
True
Let s = 3483 - 1969. Is (-42)/(-48)*4*s a prime number?
False
Let i(d) = -d**3 + 14*d**2 + 12*d + 21. Let u = 54 + -44. Let k be i(u). Let p = -204 + k. Is p a composite number?
False
Suppose 3*k - 774210 = 2*o - 62443, 3*k - 711739 = -5*o. Is k prime?
False
Let w(l) = -3*l + 32. Let q be w(10). Let a(d) = 11 - d**3 + 5 - 9*d**q + 3 + 2*d. Is a(-12) a composite number?
True
Suppose 0 = 5*p + q - 74994, p - 4*q + 3379 = 18361. Let c = -7005 + p. Is c a prime number?
True
Let p be (-44985)/(-10)*(200/(-12))/(-5). Let s = p + -6918. Is s composite?
True
Let d(b) = -4*b**2 + b + 9. Let r(f) = 9*f**2 - f - 17. Let s(k) = 5*d(k) + 3*r(k). Let l be s(3). Suppose -2*q + l = -407. Is q a composite number?
True
Let d(r) = 55*r - 5. Let x be d(22). Suppose 1091 + x = 2*h. Suppose i + 0*i - o = h, 5767 = 5*i + 4*o. Is i a prime number?
True
Is (-11365386)/(-12) - (-4 - -3)/(6/9) prime?
False
Suppose 2418862 = 25*w - 4493563. Is w prime?
False
Let c(j) = -j**2 + j + 1. Let z(n) = 20*n**2 - 7*n - 11. Let x(g) = -5*c(g) - z(g). Let v be x(6). Let p = -143 - v. Is p a composite number?
False
Let y = -256968 - -391915. Is y composite?
False
Suppose 0 = 2*l - 104855 - 58998 - 38925. Is l a prime number?
False
Suppose -3*b - 1501 - 467 = 0. Let d = b - -1341. Is d a prime number?
False
Suppose -7*c = -2*c - 15. Let j be (10/c - 2)*3. Suppose 1750 = j*i - 6. Is i a prime number?
True
Let m(d) = 520*d**2 + 3*d + 2. Suppose 3*j = 6*j + 3. Let p be m(j). Let b = -284 + p. Is b composite?
True
Suppose 34049123 = 248*z - 33069846 - 36298767. Is z composite?
False
Let u be (7 + (-170)/30)/(4/18). Is 820716/(-52)*(-10)/u a composite number?
True
Let p = -45 + 48. Suppose p*k - 57 = -2*k + 2*b, 5*b = 5*k - 45. Suppose 10*t - k*t + 2037 = 0. Is t composite?
True
Let f = -15954 + 36996. Suppose 3*m - f = 5*t, -2*m - 2*m = -4*t - 28056. Suppose -6701 = -5*r + m. Is r a prime number?
False
Suppose -3*y - 1824 = -f + 2492, -5*f = -2*y - 2873. Let i = -2914 - y. Is 36/9 - (i + -2) prime?
True
Suppose 12*l + 2*u = 13*l - 414621, 2073129 = 5*l - 4*u. Is l composite?
False
Is 4/34 + ((-5082)/(-17))/((-8)/(-220)) a prime number?
True
Let u(k) = k**2 - 4*k + 9651. Let g be u(0). Suppose 51316 = 5*p + g. Is p a composite number?
True
Suppose 5*u + 5534 - 65403 = -2*w, 3*w = -9. Let l = 0 + 5. Suppose -l*v = -0*v - u. Is v composite?
True
Is (0 + -2 + 1)*2641326/24*-4 composite?
False
Let d(m) = 80*m**2 + 14*m - 17. Suppose 0 = 3*y - 9 - 3. Is d(y) a prime number?
True
Suppose 68*o + 112 = 52*o. Is 8/o - (-463059)/63 prime?
True
Let h(g) be the second derivative of 19*g**3/3 - 45*g**2/2 - 18*g. Suppose -4*j = -3*f + 37, -3*f = -5*j + 2 - 40. Is h(f) composite?
False
Let u(p) = 1634*p**2 + 18*p - 207. Is u(8) composite?
False
Suppose 133 = 6*j - 71. Suppose -j*q + 16510 = -24*q. Is q a composite number?
True
Suppose 3*s = 11*y - 16*y + 2403553, 3*y = -2*s + 1442133. Is y a composite number?
False
Suppose -113*a = -3*w - 116*a + 926040, -1234702 = -4*w + 2*a. Is w a prime number?
False
Let u = -298267 - -524188. Is u a composite number?
True
Suppose c + 2*w = 7*w + 22, 0 = -2*c - 2*w + 8. Suppose -c*g = -80507 + 10458. Is g a prime number?
True
Let w be (-15556)/(-8) + 2*2/(-8). Let o = -422 